 Calculate the remainder when y(j) is divided by 19.
18
What is the remainder when (-3)/21 + 2140/35 is divided by 16?
13
Suppose -3*f = -0 - 9. What is the remainder when 6 is divided by f?
0
Let k be 3/5 + (-67)/(-5). Let z = k - 7. Let h(n) = -n + 4. Calculate the remainder when z is divided by h(0).
3
Let z be 1/1*32/(-2). Let f = 5 - 8. Let u = f - z. Calculate the remainder when 24 is divided by u.
11
Let t(z) = -15*z - 7. What is the remainder when 209 is divided by t(-4)?
50
Let w = 53 + -38. Calculate the remainder when 74 is divided by w.
14
Let x(t) = t + 11. Let j be x(-6). Suppose -a - 7 - 8 = -j*d, -5*a + 65 = 3*d. Suppose a = 4*i - 6. Calculate the remainder when 6 is divided by i.
2
Let p(n) = 3*n**2 + 5*n + 4. What is the remainder when p(-4) is divided by 11?
10
Let o(g) = 38*g - 5. Let x be o(-3). Calculate the remainder when x/28*1*-4 is divided by 5.
2
Let r be 1/(-3) - (-504)/(-27). Let g = -2 - r. Suppose -2*k = 3*k + 4*j - 14, -j + 14 = 3*k. What is the remainder when g is divided by k?
5
Suppose h - 8 = -2*a, -5*a - 2*h = h - 22. Suppose 2*m - 4*q - 6 = 0, m - q + 1 = -2*m. What is the remainder when a is divided by (-2)/m + (-6)/6?
0
Let a = -5 - -4. What is the remainder when 32 is divided by 17 + a*(1 + -1)?
15
Let o = -139 - -195. Let p = o + -29. Calculate the remainder when p is divided by 14.
13
Let c = 3 + -1. Suppose 0 = 5*t + c*w - 69, -2*t + w = 1 - 34. What is the remainder when 29 is divided by t?
14
Let n = 58 - 40. What is the remainder when 51 is divided by n?
15
Let m(y) = 15*y + 1. Calculate the remainder when m(8) is divided by 41.
39
Let n = 15 + -10. Calculate the remainder when 7 is divided by n.
2
Suppose -o + h = 3*h - 31, -o - 4 = -5*h. What is the remainder when 64 is divided by (-4 + o/5)*85?
13
Suppose -5*p - 20 = 5. Let d(y) = y**3 + 5*y**2 - 9*y - 9. Calculate the remainder when 1/(p/(-150)*2) is divided by d(-6).
6
Let n be -1*(-213)/(-6)*-2. Suppose 4*v = n + 65. What is the remainder when v is divided by 12?
10
Let k(l) = 4*l - 4. Calculate the remainder when 35 is divided by k(4).
11
Let m = 5 - 3. Suppose -3*f - 5*r + 55 = 0, -16 - 6 = -f + m*r. Calculate the remainder when 39 is divided by f.
19
Let i = -1 - -3. Suppose -2 = -3*t + 1, -5*j + 37 = i*t. What is the remainder when (-16)/6*120/(-16) is divided by j?
6
Suppose 4*y + 16 = 2*b, 3*b + 3*y - 76 = -b. Let n(l) = -l**3 + 15*l**2 + 15*l + 22. What is the remainder when b is divided by n(16)?
4
Suppose -3*w - 10 = -5*x, 3*w + 4 = 4*x - 1. Suppose -w = -2*y + y. What is the remainder when 13 is divided by y?
3
Suppose 0 = 2*v + 3 - 7. Suppose -46 = -k - k + 5*u, 4*k + v*u = 140. What is the remainder when k is divided by 7?
5
Suppose 2*a = x - 10 - 30, 0 = -5*x - 5*a + 140. Suppose 4*g + 0*g = x. What is the remainder when 23 is divided by g?
7
Suppose 7*b + 51 - 149 = 0. What is the remainder when b is divided by 30/(-9)*6/(-4)?
4
Suppose -70 = 5*f - 6*f. What is the remainder when f is divided by ((-4)/(-5))/(4/90)?
16
Let w(u) = u**3 + 2*u**2 - u + 1. Let b be (-4)/(-18) + (-70)/(-9). Suppose 0 = -4*m - b. Calculate the remainder when w(m) is divided by 2.
1
Let r(d) = d**3 - 4*d**2 + 3*d + 2. Let s(u) = -u**3 - 9*u**2 - 10*u - 37. What is the remainder when s(-9) is divided by r(4)?
11
Let q be 99/2 + 12/8. Let n = -26 + q. Let s(g) = g**3 + 3*g - 1. Calculate the remainder when n is divided by s(2).
12
Let c = 24 - -32. Calculate the remainder when c is divided by 15.
11
Let a = -41 + 74. What is the remainder when a is divided by 9?
6
Let k be 21/4*4/1. Suppose 2*g = 29 + k. Let y = -9 + 18. Calculate the remainder when g is divided by y.
7
Let w = -140 - -203. Calculate the remainder when w is divided by 11.
8
Suppose 3*y - 5*y = -6, 5*m - 2*y - 99 = 0. Calculate the remainder when 103 is divided by m.
19
Suppose 2*k + 2*x - 20 = 26, 0 = 3*x + 15. Let l = -18 - -33. What is the remainder when k is divided by l?
13
Let o(n) = -n**3 + 7*n**2 - 4*n + 6. Calculate the remainder when o(5) is divided by 13.
10
Let o = 3 + -5. Let j be 0 + (1 + o - 3). Let k(l) = l**3 + 5*l**2 + 5*l + 6. Calculate the remainder when 5 is divided by k(j).
1
Let j(h) = 2*h + 8. Let u be j(-7). Let a(q) = -q**3 - 7*q**2 - 9*q - 1. Calculate the remainder when 50 is divided by a(u).
16
Suppose 209 + 81 = 5*q. Let i = 16 + -1. What is the remainder when q is divided by i?
13
Suppose 0 + 2 = a. Suppose -y + 4*h - 2*h = -2, 0 = 2*y - a*h - 14. What is the remainder when 23 is divided by y?
11
Suppose -2*o + 5*u = u - 48, -3*u = 4*o - 41. Suppose -2*w + 78 = -0*w. Let r = 65 - w. What is the remainder when r is divided by o?
12
Let y be (-2)/7 - 16/(-7). Suppose y*q + q = 0. Suppose -2*n + 24 = -q*n. What is the remainder when 23 is divided by n?
11
Let a be (55/(-2))/5*-8. Suppose -5*q = -q - a. Suppose q = 5*i - 34. What is the remainder when 25 is divided by i?
7
Let i(a) = a**3 + 5*a**2 + 2*a - 1. Let y be i(-4). Let n = 3 - y. Calculate the remainder when (-25)/((-2)/(n/(-2))) is divided by 13.
12
Let g = -38 - -96. What is the remainder when g is divided by 10?
8
Let v be 1*(-3 + 1 - 7). What is the remainder when (-13124)/(-153) + (-2)/v is divided by 22?
20
Let z(j) = -2*j**2 - 5*j + 0*j**2 - 4*j - 6 - j. Calculate the remainder when 3/((-1)/(1/(-1))) is divided by z(-4).
1
Suppose -4*h - 3*p = -0*h - 48, -5*h + 5*p + 60 = 0. What is the remainder when 44 is divided by h?
8
Let g(u) = -u**2 - 9*u + 11. Suppose -50 + 0 = 5*v. Suppose x = 3*x - 2. Calculate the remainder when g(v) is divided by x.
0
Let n(f) = -2*f - 3. Let z be (-4)/18 + 562/18. Let u = z + -18. Calculate the remainder when u is divided by n(-5).
6
Let p(g) = g**3 - 12*g**2 - 14*g + 32. What is the remainder when 56 is divided by p(13)?
18
Suppose -5*z + 7 = -18. What is the remainder when 18 is divided by z?
3
What is the remainder when 45 is divided by 1*(-1 + -1)*-8?
13
Suppose s - 16 = -2. Suppose 0 = -2*d + 64 - s. Suppose -b - 55 = -4*p, -p + 0*p - 2*b = -7. Calculate the remainder when d is divided by p.
12
Let h(c) be the third derivative of 0*c + 2/3*c**3 - 2*c**2 + 0 + 1/60*c**5 + 1/12*c**4. What is the remainder when h(-6) is divided by 10?
8
Calculate the remainder when -1 + 36 + (6 - 3) is divided by 13.
12
What is the remainder when 47 is divided by 2*4/((-24)/(-51))?
13
Suppose -16 = -4*n - 2*w + 2, 2*n + 3*w = 11. Suppose -2 - 1 = -k. What is the remainder when n is divided by k?
1
Let a(v) = v + 2. Let l = 12 + -6. What is the remainder when a(15) is divided by l?
5
Let u(l) = 2*l**2 + 7*l - 6. Let m be u(6). Let o = m - 41. What is the remainder when o is divided by 23?
21
Let i = 21 + -9. What is the remainder when 58 is divided by i?
10
Suppose -10 = j - 20. Suppose 0 = 4*i + 5*n - n - 304, -3*i + 4*n + 256 = 0. What is the remainder when j is divided by i/14 + 2/7?
4
Let f(s) = 7*s**2 - 1. Let z be f(1). What is the remainder when 28 is divided by (-58)/(-6) - (-2)/z?
8
Let u = 24 + 0. What is the remainder when u is divided by 77/6 + (-1)/(-6)?
11
Let h = 14 + -10. Calculate the remainder when ((-8)/10)/(4 - 710/175) is divided by h.
2
Suppose w = -w. What is the remainder when w - (0 - 0) - -8 is divided by 34 + -28 + 0 + 1*-1?
3
Let m(y) = 3*y**3 - 71*y**2 - 23*y - 14. Calculate the remainder when 36 is divided by m(24).
6
Let o = 5 + -5. Suppose -2*s + 10 = -o*s. Suppose -2*c - 2*d + 14 = 0, 0 = -0*c + 5*c - s*d - 65. Calculate the remainder when c is divided by 6.
4
Suppose -5*h + 119 = -3*n + 11, -66 = -3*h + 3*n. What is the remainder when 60 is divided by h?
18
Let h(a) = 0 - 3 - 5*a + a + 13*a + 5*a**2 - a**3. Calculate the remainder when h(6) is divided by 9.
6
What is the remainder when ((-2)/(-3))/(-1) - 2125/(-51) is divided by 11?
8
Let c be 0/((1 - -1) + -1). Let q(a) = -a + 4. What is the remainder when q(-4) is divided by 2 + (1 - 0) + c?
2
Let h(t) = -t - 2. Let j be h(-8). Suppose j = 2*z - 22. Let d(r) = r**2 - 8. What is the remainder when d(7) is divided by z?
13
Let t be 2 - (10/2 + 0). Let d be (t + 1)*(-1)/2. Calculate the remainder when 29 is divided by (-6)/(-15)*d*20.
5
Suppose -111 = 2*v - 5*v. Let c = -23 + 44. Suppose 2*w - 5 = c. Calculate the remainder when v is divided by w.
11
Let f = -22 + 10. Calculate the remainder whe